t are the prime factors of v?
3, 11
Suppose 0*o = -4*j - 5*o - 17, 0 = -5*j + o + 15. Let l be j/(-7) - 60/(-14). Let i = l + 2. What are the prime factors of i?
2, 3
Let a(c) = 3*c. Let v be a(1). Suppose v*z - 8*z = -70. List the prime factors of z.
2, 7
List the prime factors of ((-2)/4)/((-10)/1720).
2, 43
Suppose -u = 4*u - 190. Suppose -u = -4*c - 2. List the prime factors of c.
3
Let i = 6 - 7. Let v = i - -3. What are the prime factors of v?
2
Suppose 2*u - 2*t + 7*t = 2, 3*u - 4*t = 3. Let g be (4/1)/(3 - u). Suppose -27 = -c - g*c. What are the prime factors of c?
3
Suppose 4*x = 4*p + 324, -x - 2*p + 79 = 4. Let b = -50 + x. List the prime factors of b.
29
Let x = -15 - -11. Let a(j) = -3*j - 3. What are the prime factors of a(x)?
3
Let r be (-2)/(-9) - (-6057)/81. Suppose -n = -6*n + r. What are the prime factors of n?
3, 5
What are the prime factors of (-2210)/(-119) + ((-24)/(-14))/(-3)?
2, 3
List the prime factors of 21/168 - 1646/(-16).
103
Let h(z) = -z**2 + 4*z + 3. Let f(v) = -v**3 + 3*v**2 + 6*v - 4. Let r be f(4). List the prime factors of h(r).
3
Suppose -5*m = l - 21, 2*l = -4*m - l + 8. What are the prime factors of m?
5
Suppose 2*u - 106 = -4*d - 0*d, 0 = 5*d + 3*u - 130. Let z = -49 + d. Let f = z + 28. List the prime factors of f.
2
Let f = 8 - 5. Let p be f/12 + 94/8. List the prime factors of (-13)/(-4) - 3/p.
3
Suppose 0 = 5*w + 3*d + 243, -2*d - 194 = -0*w + 4*w. List the prime factors of w/(-22) - (-2)/(-11).
2
Suppose 0 = -0*u - 2*u - 4*a + 292, -5*u - 5*a + 745 = 0. What are the prime factors of u?
2, 19
Let n = -6 - -9. Suppose -n*m = -4*f - 55, 4*m - 17 - 39 = f. List the prime factors of m.
13
Let g(u) = -7*u + 5. List the prime factors of g(-4).
3, 11
Suppose -37 = -5*l + 138. Let q = -20 + l. Let h = q + -9. What are the prime factors of h?
2, 3
Let w be (-13)/(-3) - 2/(-3). Suppose 86 = w*s + 31. List the prime factors of s.
11
Suppose 0 = -d - 3*h + 36, -h = 3*d + h - 73. List the prime factors of d.
3, 7
Suppose -3*r + 101 = 5*w - 70, -r - 3*w = -61. List the prime factors of r.
2, 13
Let u(g) = g**3 - 2*g**2 - 1. Let m be u(2). Let d(q) = -2 - 17*q + 1 + 1. What are the prime factors of d(m)?
17
Let l(m) = m**3 - 6*m**2 + 4*m - 5. Suppose -45 = -5*v + 5*j, -3*v + 3 = -0*v + 5*j. What are the prime factors of l(v)?
19
Let x(n) = -7*n + 1. Let u be x(1). Let c be (u/(-4))/((-15)/(-320)). Suppose c = i + 3*i + 4*r, -4 = -i + 3*r. List the prime factors of i.
7
Let w = -92 - -138. What are the prime factors of w?
2, 23
Let n(y) = -2*y**2 - 21*y + 19. What are the prime factors of n(-10)?
29
Let h = 9 - 5. Suppose c - 22 = -4*g, -h*c = -0*g - g - 54. What are the prime factors of c?
2, 7
Let l be 1*(-2 - -1 - 4). Let j = -5 - l. What are the prime factors of ((-3)/(-9) + j)*21?
7
Let l(s) be the third derivative of -s**4/24 + 9*s**3/2 - 3*s**2. What are the prime factors of l(0)?
3
Let v(r) = -3*r**2 - 7*r + 1. Let n(i) = 7*i**2 + 14*i - 2. Let d(k) = -2*n(k) - 5*v(k). List the prime factors of d(-8).
7
Let w be -2 + 2 - (-1 - -1). Let f = 60 + -40. Suppose -f = -w*z - 2*z. List the prime factors of z.
2, 5
Let s(g) = g**2 + 4*g - 1. Let k be s(-4). List the prime factors of 4 + (k + 29 - -4).
2, 3
Suppose 0 = m - 1, 0 = -5*t + 3*m + 135 - 33. Suppose 0 = z - 0*z + 1. Let h = t - z. List the prime factors of h.
2, 11
Let v(x) = -x**2 + 4*x + 3. Let q be v(4). Suppose -m + k + q = 2, 2*k = 4*m - 8. Suppose -2*a - m*g + 37 = 0, 0 = -g + 1 - 0. List the prime factors of a.
17
List the prime factors of (-790)/(-7) + 9/63.
113
Let y = -6 + 9. Suppose 54 = 2*j + y*c, -j + 2*c = j - 64. List the prime factors of j.
2, 3, 5
Let k be -106*(-1)/2 + -2. Suppose k = 5*w + m, -4*w = -m + 3*m - 42. What are the prime factors of w?
2, 5
Suppose -6*l = -l + 25, 0 = 5*q + 4*l + 20. Suppose -k - 22 = -q*d - 5*d, -k = -2*d + 10. What are the prime factors of d?
2
Let l(i) = i**3 + 9*i**2 + 8*i - 9. Let u be l(-8). Let m be (-70)/(-9) + (-2)/u. What are the prime factors of 2/3*(m + 1)?
2, 3
Let k be (-34)/2*(-2 - -1). Let x = -4 + k. What are the prime factors of x?
13
Let f be (-1)/4 + (-9)/(-4). Suppose 0 = r - i - 10, 0*r - f*i = 2*r - 20. What are the prime factors of r?
2, 5
Suppose -f + 3*u + 0 + 31 = 0, -5*f = 3*u - 209. List the prime factors of f.
2, 5
Let u(y) = y**2 - 13*y - 14. Let x be u(14). Suppose 3*w + 4*p - 25 = x, 3*w = 2*w - p + 8. List the prime factors of w.
7
Let a(p) = -p**2 + 14*p + 17. Let h be a(13). List the prime factors of ((-42)/(-5))/(9/h).
2, 7
What are the prime factors of (10 - 13)/((-6)/58)?
29
Suppose -316 = -3*k + 47. List the prime factors of k.
11
Suppose 0 = 5*h + 4*s - 30 - 11, 0 = 5*s - 20. Suppose -4*x + 5*x = h. Suppose -x*i - 15 = -8*i. What are the prime factors of i?
5
Let k = 94 - 80. List the prime factors of k.
2, 7
Suppose -4*w + 100 = 2*o, -4*o + 5*w - w + 164 = 0. List the prime factors of o.
2, 11
List the prime factors of 196/6*(-162)/(-63).
2, 3, 7
Suppose 0 = -5*r + 3*j + 1355, j - 704 = -2*r - 151. List the prime factors of r.
2, 137
Let m = 9 + 5. List the prime factors of m.
2, 7
Suppose 18 = r + 5*x, -3*x = -4*r + 2*r + 75. List the prime factors of r.
3, 11
Let z = -13 + 29. Let d = 7 - z. Let q = d - -16. What are the prime factors of q?
7
Suppose -a - 21 = -5*r, 6 - 22 = -4*r + a. Suppose r*i - 3*i - 4 = 0. Suppose i*t - 5 = 9. List the prime factors of t.
7
Suppose 3*q - 708 = 45. What are the prime factors of q?
251
Let t = 5 - 1. Let r = 2 - t. What are the prime factors of r*2/(-4)*13?
13
Let d be (-4)/(-3 - 5/(-2)). Suppose 0 = -4*o + d*o - 108. List the prime factors of o.
3
Let o(u) = u**3 + 5*u**2 - u - 1. Let x be o(-5). Suppose -x*i = -6*i. Suppose i = 2*b - 4*b + 22. List the prime factors of b.
11
What are the prime factors of (-160)/(-30)*621/12?
2, 3, 23
Let h(m) = m + 11. Let r be h(-7). Suppose 5*z = r*z. Suppose z*d - 26 = -2*d. What are the prime factors of d?
13
Let i be (-7)/14 + (-14)/(-4). Suppose -6*s = -i*s - 66. What are the prime factors of s?
2, 11
Suppose 0 = -4*v + 5*d + 126, 2*d - 24 - 1 = -v. Suppose 2*f - v = f. List the prime factors of f.
29
Let u be 2/(-9) - 238/(-18). Suppose -9*z = -8*z - u. What are the prime factors of z?
13
Suppose 0 = 3*i - 6. Suppose -4*d + 3*t = 9, -2*d - i*t - 13 = 9. List the prime factors of ((-2)/(-2))/(d/(-54)).
3
Suppose 0 = -4*k - 5*q + 2, 5*k = -q + 14 - 1. What are the prime factors of k?
3
Let i(p) = 2*p**2 + 16*p - 42. What are the prime factors of i(11)?
2, 47
Let o = 42 - 38. List the prime factors of o.
2
Suppose -5*j = -5*i - 240, -j + 0*j + 5*i = -48. What are the prime factors of j?
2, 3
Suppose -5*f - 22 = 3*p - 127, 4*f = -2*p + 70. What are the prime factors of p?
5, 7
Let c = -14 + 41. Suppose -11 = 2*l - c. List the prime factors of l.
2
Let t = -48 - -85. Let h = -18 + t. What are the prime factors of h?
19
Let j = -10 - -22. Let s(r) = 11*r**2 + 4*r - 2*r - r**3 + 2*r**2 - r**2 - 11. What are the prime factors of s(j)?
13
Suppose -16 = l - 18. Suppose -l*b + a + 45 = -2, a - 68 = -3*b. List the prime factors of b.
23
Let q(d) = -d**2 - 6*d - 3. Let t be q(-5). Suppose 10 = -2*p + 4*p. Let n = p - t. What are the prime factors of n?
3
Let x(m) = -m**2 - 8*m + 9. Let d be x(-8). Let s = 22 - d. What are the prime factors of s?
13
Let p be 3 + 1/(-1 + 0). Suppose 2*x = -5*m + 28, 0 = -5*x - p*m - 2*m + 36. Suppose -5*l + 7 = -x*l. What are the prime factors of l?
7
What are the prime factors of (0 + 21)*10/15?
2, 7
Let v = -3 - -3. Suppose -k + 11 = -v. What are the prime factors of k?
11
Let y = 9 - 20. Let q = 42 + y. List the prime factors of q.
31
Let d(z) = 2*z**2 - 11*z - 4. What are the prime factors of d(8)?
2, 3
Let w(b) = b**3 - 3*b - 3. Let s be w(3). Suppose 4*k - 37 = s. What are the prime factors of k?
13
Let l be 20 - (1*-4 + 2). Suppose c - l = 8. Suppose -2*h - c = -7*h. List the prime factors of h.
2, 3
Let a(f) = f - 6. Let q(s) = 5*s - 31. Let r(y) = -11*a(y) + 2*q(y). List the prime factors of r(-8).
2, 3
Let k = -19 - -10. Let r(f) = -f**3 - 10*f**2 - 9*f + 5. List the prime factors of r(k).
5
Let s = -40 - -23. Let c = -6 - s. List the prime factors of c.
11
Let t be (-1)/2 + 162/4. Suppose -4*x + t = 4. What are the prime factors of x?
3
Let r = -3 + 7.